of 13 and y.
13
Suppose 4 = 3*b - 2. Suppose 0 = -b*x + 303 - 99. Let p = x - 66. What is the highest common divisor of 24 and p?
12
Let r = 40 - 34. Let w(o) = o**2 - o - 4. Let j be w(3). Suppose -g + 196 = j*h, r = -4*g - 2. What is the highest common divisor of h and 9?
9
Suppose -5*l - 5*y = -0 - 5, 4*y = -8. Suppose 3*r - 5*j - 3 = 6, l*j - 1 = r. Calculate the highest common factor of r and 8.
8
Suppose 0 = -k - 0*k + 9. Calculate the greatest common divisor of k and 6.
3
Let z be 1*2*4/(-8). Let y be (66/z)/((-8)/12). Calculate the highest common divisor of y and 11.
11
Let i be 36 + 2*-1 - 2. Let t = i + -23. What is the highest common divisor of t and 18?
9
Suppose 0 = 5*n + n - 252. What is the greatest common divisor of 14 and n?
14
Let i be (8*-8)/((-6)/21). Calculate the highest common factor of 28 and i.
28
Let s = 20 + -9. What is the highest common divisor of 33 and s?
11
Suppose 4*v - 13 = 5*u, -3*u + 2 = 5*v - 5. Suppose c + v*g + 0 - 6 = 0, 0 = -g - 2. Let r = 12 - -68. What is the highest common factor of c and r?
10
Suppose z - 20 = -8. Calculate the greatest common divisor of 12 and z.
12
Suppose d + 0 = 12. Let s(g) = g - 1. Let b be s(3). Suppose -v - 63 = -2*n, 3*v = -b*n + v + 54. What is the highest common factor of n and d?
6
Suppose 0 = 6*x - 149 - 1201. What is the greatest common divisor of x and 9?
9
Let l(n) = n**2 - 7*n - 5. Let u(a) = 3*a**2 - 21*a - 16. Let k(f) = 11*l(f) - 4*u(f). Let x be k(7). What is the highest common factor of 18 and x?
9
Suppose -3*l - 2*l + 15 = 0. Suppose k - 72 = -l*k. Calculate the greatest common divisor of k and 45.
9
Let j(v) = v**3 + v - 1. Let t(d) = d**3 - 11*d**2 - 8*d + 4. Let b(g) = -2*j(g) + t(g). Let h be b(-10). What is the greatest common factor of h and 12?
6
Suppose 5*l - 17 = 2*n, -2*l + 2*n - 2 = -n. What is the greatest common factor of 95 and l?
5
Suppose -3*g + 115 = -209. What is the highest common factor of g and 12?
12
Suppose -4*i + 15 = 2*o - 3, 0 = -o - 4*i + 13. Suppose 2*a + 5*l = a + 52, l - 140 = -o*a. What is the highest common factor of 9 and a?
9
Suppose 2*d - 8 = 6. Let x(z) = z**2 - 7*z + 3. Let y be x(d). Let t be 1 - (1 - 1) - -5. What is the greatest common divisor of t and y?
3
Suppose 3*g - 140 = g. What is the highest common divisor of g and 14?
14
Let n = 675 - 672. Let i be 11/(-4) - 1/4. Let k = i + 6. Calculate the highest common divisor of k and n.
3
Let w be 232/6 - 2/(-6). Let h be (-736)/(-28) - (-3 - (-46)/14). Calculate the highest common divisor of h and w.
13
Let o be 8/20 - 3926/(-10). Let m = o + -195. Calculate the greatest common divisor of m and 18.
18
Let d(j) be the first derivative of -9*j**4/4 - j**3 - 3*j**2/2 - 2*j + 1. Let u be d(-2). Let p = -9 + 17. Calculate the highest common factor of p and u.
8
Suppose 5*w + 131 = 1. Let x = 30 - w. Calculate the highest common factor of x and 7.
7
Suppose 5*o = 4*o + 25. What is the highest common divisor of o and 125?
25
Let w(b) = b**2 - 11. Let k be w(-8). Let o be 12/3 + 3 + -5. Suppose -3*g + 121 = 4*j, 2*g - g + k = o*j. Calculate the highest common factor of 7 and j.
7
Let r(s) = -7*s - 1. Let m be r(-3). Suppose l - 20 = -3*l. What is the greatest common divisor of m and l?
5
Let h be (2/(-3))/((-3)/9). Suppose -2*z - 660 = -4*y + 3*z, -h*z + 165 = y. Suppose -3*j + j + 30 = 0. Calculate the highest common divisor of j and y.
15
Let w be 2/(-2 - -4)*0. Suppose -360 = -2*f - w*f. Suppose -f = -4*n - 4*r, 4*n = -0*n - 5*r + 185. What is the greatest common factor of 5 and n?
5
Let u(m) = -8*m + 12. Let p be u(-12). Let v = -63 + p. Calculate the greatest common divisor of v and 5.
5
Suppose p - 10 = 2*g, -3*p - 6 = -g - 61. Let l = -1 + 3. Suppose 64 = l*f + x + x, 3*f + 4*x = 98. What is the greatest common factor of p and f?
10
Let p(w) = -w**2 - 15*w - 14. Let o be p(-5). Calculate the highest common divisor of 24 and o.
12
Suppose 2*x + 2*x + 4 = 0, 4*m - 70 = 2*x. Calculate the highest common factor of 153 and m.
17
Let a = 133 - 124. What is the highest common divisor of 72 and a?
9
Let m = -49 + 69. Calculate the greatest common divisor of 50 and m.
10
Suppose -3*m = -2*a + 84 + 109, 0 = -5*m - 5. Calculate the greatest common factor of 19 and a.
19
Let m be -30*6/(-12) - 4. What is the greatest common factor of 44 and m?
11
Let k = -47 - -51. What is the greatest common factor of k and 36?
4
Let h(q) be the third derivative of -q**6/120 + q**5/12 + 5*q**4/24 + 5*q**3/6 - 3*q**2. Let y be h(5). Calculate the highest common divisor of 15 and y.
15
Let u(w) = -w**3 - 6*w**2 - 6*w + 5. Let n be u(-5). Calculate the highest common factor of n and 110.
10
Let y(k) = -k**2 - 3*k + 4. Let p be y(-4). Let o be p + 3 + 0 + 3. What is the highest common divisor of 42 and o?
6
Let r(y) = 6*y**2 - 5*y - 3. Let h(u) = 11*u**2 - 11*u - 5. Let s(k) = 4*h(k) - 7*r(k). Let j be s(6). Calculate the greatest common factor of j and 171.
19
Let i be 24/(-3)*146/(-4). Suppose 0*s = -b + 3*s + 114, 3*b + s = i. Calculate the highest common divisor of b and 11.
11
Let y(k) = k**2 - 2*k - 1. Let i be y(-3). Suppose -p = -32 - 10. What is the greatest common divisor of p and i?
14
Let q = -15 + 20. What is the highest common divisor of q and 5?
5
Suppose 50 = 3*t - 34. Calculate the greatest common divisor of t and 7.
7
Let u be (-64)/(-80) - (-352)/10. Calculate the greatest common factor of 90 and u.
18
Suppose 2*j - 238 = 642. Suppose 0 = x + x - j. What is the highest common factor of 20 and x?
20
Let z = 26 - 48. Let p = z + 74. Suppose 0 = s + m - p, -5*s + 41 = -3*m - 243. What is the highest common divisor of 5 and s?
5
Let i(q) = q**2 - 8*q - 21. Let y be i(12). What is the highest common divisor of y and 3?
3
Suppose 3141 = 17*g + 251. What is the highest common factor of g and 68?
34
Suppose -63 - 12 = -5*v. Calculate the highest common divisor of 105 and v.
15
Let a(g) = g**3 - 8*g**2 + 10*g - 10. Let j be a(7). Calculate the highest common divisor of j and 11.
11
Let v(z) = -z**3 - 13*z**2 - 2*z - 14. Let f be 2/(-4) + (-50)/4. Let x be v(f). What is the greatest common divisor of x and 48?
12
Let m(b) = 3*b**2 + b. Let i be m(-2). Suppose 6 = r + 1. Let l(p) = 6*p. Let q be l(r). Calculate the greatest common divisor of q and i.
10
Let y be ((-234)/(-15))/((-9)/(-30)). Suppose 0 = 3*m - y + 7. What is the highest common divisor of m and 120?
15
Suppose 0 = 2*g - 5 - 3. Suppose g*p = -p + 360. Let w = -3 + 11. What is the highest common divisor of p and w?
8
Suppose -4*n = -6*n + 66. What is the greatest common divisor of 22 and n?
11
Suppose 0 = 3*z - 69 - 336. Suppose 2*v + 5*q = 35, 3*v - 8 - 38 = -q. What is the greatest common factor of v and z?
15
Let f(z) = 10*z - 30. Let w be f(9). Calculate the greatest common factor of 24 and w.
12
Let m be 0 + -2 - 1 - -21. Let v = 11 - 5. Suppose -v*a + 2*a = -48. Calculate the highest common factor of a and m.
6
Let i be ((-2)/(-4))/(9/54). Let m be (3 - 21)*(-12)/18. Calculate the greatest common divisor of i and m.
3
Let n(y) = -4*y - 2. Let j be n(-5). Let b(i) = i**2 + 6*i + 3. Let r be b(-5). Let t be 0 - (1 + -1) - r. What is the highest common divisor of j and t?
2
Let o be ((-14)/4)/(-7)*12. Suppose 94 = 4*k - o. Calculate the greatest common factor of 5 and k.
5
Let m(n) = -n + 36. Let c be m(0). Calculate the greatest common divisor of c and 48.
12
Let w(d) = -25*d - 4. Let z be w(-7). Let u = -18 - 19. Let q = 56 + u. What is the highest common factor of z and q?
19
Let l be 34405/119 - 6/51. What is the greatest common factor of l and 17?
17
Suppose g - 19 = d, d = -3*g + 14 + 39. What is the greatest common factor of g and 12?
6
Suppose 32 = o + 3*o. Calculate the greatest common divisor of o and 8.
8
Let w = 161 + -103. Suppose 84 + w = 5*b - o, -2*b + 62 = -3*o. What is the greatest common divisor of 14 and b?
14
Suppose -22 = -3*b - 5*o - 0, -4*b = 3*o - 44. Let m(w) = -32*w + 2. Let g be m(-3). What is the greatest common factor of b and g?
14
Let h(o) = -74*o**3 + 2*o**2 - 1. Let m be h(-1). Let j be -3 - (4 - (-1 + 68)). Let b be (1/2)/(1/j). What is the greatest common divisor of m and b?
15
Let n be 3/5 - 237/(-5). What is the greatest common factor of 80 and n?
16
Let j(c) = 5*c - 8. Let x be j(6). Let 